, 7, 67, 10993
What are the prime factors of 50350883?
11, 107, 3889
List the prime factors of 817077269.
97, 8423477
What are the prime factors of 3071088201?
3, 89, 1447, 7949
List the prime factors of 52727705.
5, 10545541
What are the prime factors of 599239128?
2, 3, 1193, 20929
What are the prime factors of 11199296?
2, 174989
What are the prime factors of 415227531?
3, 10061, 13757
List the prime factors of 25509165.
3, 5, 11, 53, 2917
List the prime factors of 119951280.
2, 3, 5, 107, 173
What are the prime factors of 28088580?
2, 3, 5, 13, 36011
List the prime factors of 6651771383.
29, 229371427
List the prime factors of 826961068.
2, 769, 268843
What are the prime factors of 220270476?
2, 3, 2053, 8941
List the prime factors of 1546287265.
5, 1597, 193649
What are the prime factors of 443433661?
11, 17, 215573
List the prime factors of 35419418.
2, 197, 89897
List the prime factors of 7980896.
2, 7, 11, 41, 79
What are the prime factors of 908643?
3, 139, 2179
What are the prime factors of 2167557252?
2, 3, 7, 619, 41687
What are the prime factors of 8860106?
2, 23, 192611
What are the prime factors of 567891577?
11, 37, 223, 6257
What are the prime factors of 24540577?
1019, 24083
List the prime factors of 212088984.
2, 3, 127, 149, 467
What are the prime factors of 6440335337?
307, 557, 37663
What are the prime factors of 2365100304?
2, 3, 7, 23, 463, 661
What are the prime factors of 178682977?
11, 31, 523997
List the prime factors of 720586950.
2, 3, 5, 4803913
What are the prime factors of 2750338474?
2, 13, 101, 349, 3001
What are the prime factors of 393984263?
1913, 205951
List the prime factors of 228111110.
2, 5, 59, 386629
List the prime factors of 1676408785.
5, 1123, 298559
What are the prime factors of 37436046?
2, 3, 79, 78979
What are the prime factors of 163915149?
3, 73, 748471
What are the prime factors of 2001465893?
7, 73, 97, 149, 271
What are the prime factors of 1618149705?
3, 5, 23, 607, 7727
List the prime factors of 3844527835.
5, 768905567
List the prime factors of 404326339.
157, 2575327
What are the prime factors of 55529607?
3, 7, 47, 127, 443
What are the prime factors of 10963472?
2, 13, 52709
What are the prime factors of 83716154?
2, 41858077
List the prime factors of 400703470.
2, 5, 23, 241, 7229
List the prime factors of 68667109.
7, 9809587
List the prime factors of 2959647051.
3, 986549017
What are the prime factors of 262122590?
2, 5, 29, 903871
What are the prime factors of 481895000?
2, 5, 31, 3109
What are the prime factors of 59247577?
59247577
List the prime factors of 448675651.
23, 181, 107777
What are the prime factors of 614881078?
2, 7, 19, 2311583
List the prime factors of 498377476.
2, 6397, 19477
List the prime factors of 3817758.
2, 3, 7, 17, 5347
What are the prime factors of 14438115?
3, 5, 106949
List the prime factors of 613573366.
2, 7, 191, 229459
List the prime factors of 308523040.
2, 5, 7, 47, 5861
What are the prime factors of 106933777?
2801, 38177
What are the prime factors of 46102223?
46102223
List the prime factors of 8411538.
2, 3, 797, 1759
List the prime factors of 261856977.
3, 87285659
List the prime factors of 43890446.
2, 173, 126851
List the prime factors of 1801723472.
2, 31, 3632507
What are the prime factors of 51386793?
3, 17128931
List the prime factors of 1319993645.
5, 17, 15529337
What are the prime factors of 681473258?
2, 53, 157, 40949
What are the prime factors of 489409230?
2, 3, 5, 43, 379387
List the prime factors of 51065563.
937, 54499
What are the prime factors of 22917382?
2, 19, 683, 883
What are the prime factors of 3369278606?
2, 1684639303
List the prime factors of 43744992.
2, 3, 19, 29, 827
What are the prime factors of 53445299?
53445299
What are the prime factors of 47493882?
2, 3, 19, 7309
List the prime factors of 1790585247.
3, 11, 54260159
List the prime factors of 68270595.
3, 5, 601, 7573
List the prime factors of 663631906.
2, 7, 47402279
What are the prime factors of 172306184?
2, 31, 694783
What are the prime factors of 195844244?
2, 937, 52253
List the prime factors of 1406164356.
2, 3, 39060121
List the prime factors of 904558.
2, 452279
What are the prime factors of 71899585?
5, 491, 29287
List the prime factors of 276237603.
3, 2039, 15053
What are the prime factors of 4469890?
2, 5, 31, 14419
What are the prime factors of 100373552?
2, 71, 149, 593
What are the prime factors of 18212771?
887, 20533
What are the prime factors of 687166682?
2, 227, 1513583
List the prime factors of 7957348098.
2, 3, 7, 189460669
List the prime factors of 24450372.
2, 3, 281, 2417
What are the prime factors of 3146817678?
2, 3, 83, 89, 70999
List the prime factors of 178809981.
3, 7, 23, 370207
List the prime factors of 995782089.
3, 17, 43, 167, 2719
List the prime factors of 3133580.
2, 5, 156679
What are the prime factors of 110175938?
2, 41, 163, 8243
List the prime factors of 3103275371.
7, 193, 2297021
List the prime factors of 309136220.
2, 5, 353, 43787
What are the prime factors of 949131365?
5, 7, 13, 2086003
List the prime factors of 96145303.
109, 882067
List the prime factors of 191131394.
2, 139, 687523
What are the prime factors of 554516748?
2, 3, 19, 810697
List the prime factors of 122268960.
2, 3, 5, 11, 31, 83
What are the prime factors of 14874354?
2, 3, 11, 17, 491
What are the prime factors of 4205125856?
2, 139, 945397
What are the prime factors of 262524749?
3181, 82529
What are the prime factors of 1398623845?
5, 279724769
What are the prime factors of 668370156?
2, 3, 23, 43, 199, 283
What are the prime factors of 1845278440?
2, 5, 109, 423229
What are the prime factors of 72395017?
72395017
What are the prime factors of 2472486344?
2, 31, 9969703
What are the prime factors of 1675693786?
2, 13, 64449761
List the prime factors of 17697888.
2, 3, 13, 29, 163
What are the prime factors of 54962941?
11, 73, 68447
What are the prime factors of 53737849?
11, 31, 59, 2671
List the prime factors of 183386423.
11, 19, 827, 1061
List the prime factors of 5870058.
2, 3, 978343
What are the prime factors of 1363255370?
2, 5, 109, 461, 2713
List the prime factors of 380679229.
7, 1489, 36523
List the prime factors of 163597502.
2, 199, 411049
What are the prime factors of 145594981?
7, 487, 42709
What are the prime factors of 203947162?
2, 353, 288877
List the prime factors of 1938307244.
2, 23, 3911, 5387
List the prime factors of 10187933.
7, 19, 31, 353
What are the prime factors of 233645613?
3, 3343, 23297
List the prime factors of 10507254.
2, 3, 853, 2053
What are the prime factors of 45965745?
3, 5, 7, 127, 383
What are the prime factors of 66277524?
2, 3, 79, 151, 463
List the prime factors of 199036895.
5, 31, 43, 29863
What are the prime factors of 18750044?
2, 101, 46411
List the prime factors of 75432075.
3, 5, 1005761
What are the prime factors of 35429553?
3, 401, 9817
What are the prime factors of 1698830765?
5, 37, 509, 18041
What are the prime factors of 1363489528?
2, 59, 2888749
What are the prime factors of 58827682?
2, 29413841
List the prime factors of 257156778.
2, 3, 89, 271, 1777
What are the prime factors of 19985792?
2, 156139
What are the prime factors of 68276219?
11, 6206929
List the prime factors of 1756319102.
2, 878159551
List the prime factors of 3833103627.
3, 1543, 10223
What are the prime factors of 1475850679?
107, 2467, 5591
What are the prime factors of 125922721?
173, 727877
What are the prime factors of 653284457?
7, 93326351
What are the prime factors of 1315695213?
3, 7, 20884051
What are the prime factors of 80146100?
2, 5, 801461
What are the prime factors of 497870976?
2, 3, 17, 53, 1439
What are the prime factors of 361295000?
2, 5, 11, 6569
What are the prime factors of 68747317?
157, 437881
List the prime factors of 234419067.
3, 71, 366853
What are the prime factors of 498465434?
2, 249232717
List the prime factors of 3519340511.
3519340511
List the prime factors of 91826249.
677, 135637
What are the prime factors of 972829791?
3, 149, 241817
What are the prime factors of 103747305?
3, 5, 229, 30203
What are the prime factors of 7906618773?
3, 28309, 31033
What are the prime factors of 56509716?
2, 3, 4709143
What are the prime factors of 472937434?
2, 181, 331, 39